{"id":10,"date":"2014-02-07T11:27:42","date_gmt":"2014-02-07T09:27:42","guid":{"rendered":"http:\/\/ssmtn.sk\/?page_id=10"},"modified":"2025-12-22T15:11:02","modified_gmt":"2025-12-22T13:11:02","slug":"organizacna-struktura","status":"publish","type":"page","link":"https:\/\/ssmtn.sk\/?page_id=10","title":{"rendered":"N\u00edzkoprahov\u00e9 denn\u00e9 centrum"},"content":{"rendered":"<p><strong>S\u00eddlo:<\/strong>\u00a0Mirka Ne\u0161pora 216\/8, Tren\u010d\u00edn<\/p>\n<p><strong>Zariadenie je organiza\u010dnou zlo\u017ekou Soci\u00e1lnych slu\u017eieb mesta Tren\u010d\u00edn, Piaristick\u00e1 42, Tren\u010d\u00edn<\/strong><\/p>\n<p><strong>Kontakt: 032\/285 80 21<\/strong><\/p>\n<p><span style=\"color: #ff0000;\"><strong>Soci\u00e1lne poradenstvo:\u00a0<\/strong><\/span><\/p>\n<p><strong>Mgr. M\u00e1rio Barinec,<\/strong>tel.:\u00a0<strong>0902 901 600,<\/strong><a href=\"mailto:mario.barinec@ssmtn.sk\">\u00a0 \u00a0<span style=\"color: #0000ff;\"><strong>mario.barinec@ssmtn.sk<\/strong><\/span><\/a><\/p>\n<p><strong>Mgr. Michaela Ru\u017ei\u010dkov\u00e1,<\/strong>Tel.:\u00a0<strong>0902 901 602,<\/strong>\u00a0\u00a0<span style=\"color: #0000ff;\"><strong>michaela.ruzickova@ssmtn.sk<\/strong><\/span><\/p>\n<p>V\u00a0N\u00edzkoprahovom dennom centre na Ne\u0161porovej ulici \u010d. 8 sa poskytuje soci\u00e1lna slu\u017eba po\u010das d\u0148a ob\u010danovi, ktor\u00fd nem\u00e1 zabezpe\u010den\u00e9 nevyhnutn\u00e9 podmienky na uspokojovanie z\u00e1kladn\u00fdch \u017eivotn\u00fdch potrieb a\u00a0ktor\u00fd nem\u00e1 zabezpe\u010den\u00e9 ubytovanie. NDC poskytuje pomoc a\u00a0podporu sebesta\u010dn\u00fdm mu\u017eom a\u00a0\u017een\u00e1m ktor\u00ed dosiahli vek 18 rokov, ktor\u00ed sa ocitli v\u00a0nepriaznivej soci\u00e1lnej situ\u00e1cii n\u00e1sledkom straty b\u00fdvania. Prev\u00e1dzka\u00a0 NDC\u00a0 je otvoren\u00e1 v\u00a0\u010dase od 9.00 hod do 16.00 hod,\u00a0 umo\u017e\u0148uje posedenie v\u00a0bezpe\u010dnom prostred\u00ed\u00a0 s\u00a0mo\u017enos\u0165ou vyu\u017ei\u0165 soci\u00e1lne poradenstvo, vykona\u0165\u00a0 osobn\u00fa hygienu, pripravi\u0165 jednoduch\u00fa stravu a\u00a0vykon\u00e1va\u0165 z\u00e1ujmov\u00fa \u010dinnos\u0165.<\/p>\n<p><strong>Prev\u00e1dzka NDC<\/strong>\u00a0je\u00a0<strong>otvoren\u00e1 cez pracovn\u00e9 dni v\u00a0pondelok, utorok a \u0161tvrtok od 9.00 hod do 15.00 hod, v\u00a0stredu od 9.00 hod do 16.00 hod a\u00a0v\u00a0piatok od 9.00 hod do 14.00 hod.<\/strong>\u00a0V\u00a0r\u00e1mci NDC sa umo\u017e\u0148uje klientom posedenie v\u00a0bezpe\u010dnom prostred\u00ed s\u00a0mo\u017enos\u0165ou vyu\u017ei\u0165 soci\u00e1lne poradenstvo, vykona\u0165 osobn\u00fa hygienu, pripravi\u0165 jednoduch\u00fa stravu.<\/p>\n<p><strong>Soci\u00e1lne poradenstvo<\/strong>\u00a0vykon\u00e1va soci\u00e1lny pracovn\u00edk v\u00a0pracovn\u00fdch d\u0148och v\u00a0\u010dase od 8.00 hod do 15.00 hod (v\u00a0piatok do 14:00 hod). Soci\u00e1lny pracovn\u00edk informuje klientov o\u00a0ich pr\u00e1vach, ktor\u00e9 m\u00f4\u017eu vyu\u017ei\u0165 v\u00a0ka\u017edodennom \u017eivote, ich povinnostiach a\u00a0o\u00a0tom ako rie\u0161i\u0165 \u0161pecifick\u00e9 situ\u00e1cie (napr.: vybavovanie dokladov, sprostredkovanie kontaktov a\u00a0komunik\u00e1ciu s\u00a0\u00faradmi, pomoc pri vybavovan\u00ed soci\u00e1lnych d\u00e1vok, pomoc pri vybavovan\u00ed osobn\u00e9ho bankrotu at\u010f.).<\/p>\n<p>Soci\u00e1lny pracovn\u00edk pon\u00faka klientom podporu pri h\u013eadan\u00ed zamestnania a\u00a0orient\u00e1ciu na trhu pr\u00e1ce. Umo\u017e\u0148uje podporu klientom v\u00a0oblasti hygieny, starostlivosti o\u00a0svoje zdravie a\u00a0stabiliz\u00e1cie psychick\u00e9ho zdravia. Vykon\u00e1va pomoc pri sprostredkovan\u00ed kontaktu s\u00a0praktick\u00fdm a\u00a0odborn\u00fdm lek\u00e1rom\u00a0 prij\u00edmate\u013ea soci\u00e1lnej slu\u017eby.<\/p>\n<p><strong>V\u00fd\u0161ka \u00fahrady \u2013 vstup do n\u00edzkoprahov\u00e9ho centra je bezplatn\u00fd<\/strong>. Klient plat\u00ed poplatok za pranie \u0161atstva a bielizne vo v\u00fd\u0161ke 0,60 \u20ac\/1 d\u00e1vka pod\u013ea V\u0161eobecne z\u00e1v\u00e4zn\u00e9ho nariadenia Mesta Tren\u010d\u00edn \u010d. 8\/2016 o soci\u00e1lnych slu\u017eb\u00e1ch a \u00fahrad\u00e1ch za soci\u00e1lne slu\u017eby v zria\u010fovate\u013eskej p\u00f4sobnosti Mesta Tren\u010d\u00edn v znen\u00ed neskor\u0161\u00edch zmien a doplnkov.<\/p>\n<p><strong>Cie\u013e slu\u017eby \u2013\u00a0<\/strong>podpori\u0165 rozvoj n\u00e1vykov a schopnost\u00ed, ktor\u00e9 napom\u00e1haj\u00fa k\u00a0za\u010dleneniu do spolo\u010dnosti a\u00a0m\u00f4\u017eu v\u00fdrazne zni\u017eova\u0165 dopady rizikov\u00e9ho sp\u00f4sobu \u017eivota\u00a0 klienta. Klient je v\u00a0NDC podporovan\u00fd k\u00a0upev\u0148ovaniu vz\u0165ahov s\u00a0rodinou a\u00a0komunitou.<\/p>\n","protected":false},"excerpt":{"rendered":"<p>S\u00eddlo:\u00a0Mirka Ne\u0161pora 216\/8, Tren\u010d\u00edn Zariadenie je organiza\u010dnou zlo\u017ekou Soci\u00e1lnych slu\u017eieb mesta Tren\u010d\u00edn, Piaristick\u00e1 42, Tren\u010d\u00edn Kontakt: 032\/285 80 21 Soci\u00e1lne poradenstvo:\u00a0 Mgr. M\u00e1rio Barinec,tel.:\u00a00902 901 600,\u00a0 \u00a0mario.barinec@ssmtn.sk Mgr. Michaela Ru\u017ei\u010dkov\u00e1,Tel.:\u00a00902 901 602,\u00a0\u00a0michaela.ruzickova@ssmtn.sk V\u00a0N\u00edzkoprahovom dennom centre na Ne\u0161porovej ulici \u010d. 8 sa poskytuje soci\u00e1lna slu\u017eba po\u010das d\u0148a ob\u010danovi, ktor\u00fd nem\u00e1 zabezpe\u010den\u00e9 nevyhnutn\u00e9 podmienky na uspokojovanie z\u00e1kladn\u00fdch [&hellip;]<\/p>\n","protected":false},"author":1,"featured_media":0,"parent":54,"menu_order":0,"comment_status":"closed","ping_status":"closed","template":"","meta":[],"_links":{"self":[{"href":"https:\/\/ssmtn.sk\/index.php?rest_route=\/wp\/v2\/pages\/10"}],"collection":[{"href":"https:\/\/ssmtn.sk\/index.php?rest_route=\/wp\/v2\/pages"}],"about":[{"href":"https:\/\/ssmtn.sk\/index.php?rest_route=\/wp\/v2\/types\/page"}],"author":[{"embeddable":true,"href":"https:\/\/ssmtn.sk\/index.php?rest_route=\/wp\/v2\/users\/1"}],"replies":[{"embeddable":true,"href":"https:\/\/ssmtn.sk\/index.php?rest_route=%2Fwp%2Fv2%2Fcomments&post=10"}],"version-history":[{"count":6,"href":"https:\/\/ssmtn.sk\/index.php?rest_route=\/wp\/v2\/pages\/10\/revisions"}],"predecessor-version":[{"id":2257,"href":"https:\/\/ssmtn.sk\/index.php?rest_route=\/wp\/v2\/pages\/10\/revisions\/2257"}],"up":[{"embeddable":true,"href":"https:\/\/ssmtn.sk\/index.php?rest_route=\/wp\/v2\/pages\/54"}],"wp:attachment":[{"href":"https:\/\/ssmtn.sk\/index.php?rest_route=%2Fwp%2Fv2%2Fmedia&parent=10"}],"curies":[{"name":"wp","href":"https:\/\/api.w.org\/{rel}","templated":true}]}}