{"id":196,"date":"2015-06-18T17:20:57","date_gmt":"2015-06-18T15:20:57","guid":{"rendered":"http:\/\/ssmtn.sk\/?page_id=196"},"modified":"2025-07-29T11:12:31","modified_gmt":"2025-07-29T09:12:31","slug":"aktuality-a-oznamy","status":"publish","type":"page","link":"https:\/\/ssmtn.sk\/?page_id=196","title":{"rendered":"Noc\u013eah\u00e1re\u0148"},"content":{"rendered":"<p><strong>S\u00eddlo:<\/strong> Mirka Ne\u0161pora 216\/8, Tren\u010d\u00edn<\/p>\n<p><strong>Zariadenie je organiza\u010dnou zlo\u017ekou Soci\u00e1lnych slu\u017eieb mesta Tren\u010d\u00edn, Piaristick\u00e1 42, Tren\u010d\u00edn<\/strong><\/p>\n<p><strong><span style=\"color: #ff0000;\">Kontakt:<\/span> <span style=\"color: #ff0000;\">0903 975 176, prev\u00e1dzka otvoren\u00e1 denne od 19,00 hod. do 7,00 hod.<\/span><\/strong><\/p>\n<p><strong>Soci\u00e1lne poradenstvo, kontakt v pracovn\u00e9 dni od 8.00 hod. do 15,00hod. :<\/strong><\/p>\n<p><strong>Mgr. Mario Barinec<\/strong> , tel.: 0902 901 600, E-mail: <span style=\"color: #0000ff;\">mario.barinec@ssmtn.sk<\/span><\/p>\n<p><strong>Mgr. Michaela Ru\u017ei\u010dkov\u00e1<\/strong>, tel. 0902 901 602, E-mail: <span style=\"color: #0000ff;\">michaela.ruzickova@ssmtn.sk<\/span><\/p>\n<p>Soci\u00e1lna slu\u017eba je poskytovan\u00e1 ob\u010danovi, ktor\u00fd nem\u00e1 zabezpe\u010den\u00e9 nevyhnutn\u00e9 podmienky na uspokojenie z\u00e1kladn\u00fdch \u017eivotn\u00fdch potrieb, ktor\u00fd nem\u00e1 zabezpe\u010den\u00e9 ubytovanie a\u00a0nem\u00f4\u017ee doteraj\u0161ie b\u00fdvanie u\u017e\u00edva\u0165. V\u00a0noc\u013eah\u00e1rni je poskytovan\u00e9 pr\u00edstre\u0161ie na \u00fa\u010del prenocovania, s\u00fa tu vytvoren\u00e9 podmienky na vykon\u00e1vanie nevyhnutnej z\u00e1kladnej osobnej hygieny a\u00a0na pr\u00edpravu stravy.<\/p>\n<p><strong>Prev\u00e1dzka noc\u013eah\u00e1rne je celoro\u010dn\u00e1 a\u00a0otvoren\u00e1 v\u00a0\u010dase od 19.00 do 7.00 hod.<\/strong>\u00a0Noc\u013eah\u00e1re\u0148 je rozdelen\u00e1 na mu\u017esk\u00fa a\u00a0\u017eensk\u00fa \u010das\u0165. Poskytnutie pr\u00edstre\u0161ia na \u00fa\u010del prenocovania sa poskytuje sebesta\u010dn\u00fdm mu\u017eom a\u00a0\u017een\u00e1m star\u0161\u00edm ako 18 rokov ktor\u00fd nie s\u00fa pod vplyvom alkoholu alebo omamn\u00fdch a\u00a0psychotropn\u00fdch l\u00e1tok.<\/p>\n<p>V\u00fd\u0161ka \u00fahrady<\/p>\n<p>V\u00fd\u0161ka \u00fahrady je ur\u010den\u00e1 pod\u013ea\u00a0<a href=\"https:\/\/trencin.sk\/samosprava\/transparentny-trencin\/vseobecne-zavazne-nariadenia\/detail-nariadenia\/?id=99\">V\u0161eobecne z\u00e1v\u00e4zn\u00e9ho nariadenia Mesta Tren\u010d\u00edn \u010d. 8\/2016<\/a>\u00a0o\u00a0soci\u00e1lnych slu\u017eb\u00e1ch a\u00a0\u00fahrad\u00e1ch za soci\u00e1lne slu\u017eby v\u00a0zria\u010fovate\u013eskej p\u00f4sobnosti Mesta Tren\u010d\u00edn v\u00a0znen\u00ed neskor\u0161\u00edch zmien a doplnkov.<\/p>\n<p>Poskytnutie soci\u00e1lnej slu\u017eby prij\u00edmate\u013eovi, ktor\u00fd sa nach\u00e1dza v hmotnej n\u00fadzi a je poberate\u013eom d\u00e1vky v hmotnej n\u00fadzi vo v\u00fd\u0161ke 1,00 \u20ac. Poskytnutie soci\u00e1lnej slu\u017eby prij\u00edmate\u013eovi, ktor\u00fd sa nenach\u00e1dza v hmotnej n\u00fadzi, nie je poberate\u013eom d\u00e1vky v hmotnej n\u00fadzi a m\u00e1 in\u00fd pr\u00edjem, je vo v\u00fd\u0161ke 1,50 \u20ac. Poplatok za pranie \u0161atstva a bielizne (1 d\u00e1vka) je vo v\u00fd\u0161ke 0,60 \u20ac. Za prenocovanie je mo\u017en\u00e9 zaplati\u0165 aj \u201eHlinen\u00fdm duk\u00e1tom\u201c \u2013 1 duk\u00e1t = jedno prenocovanie.<\/p>\n<p>Kapacita<\/p>\n<p>Mu\u017esk\u00e1 \u010das\u0165 19 l\u00f4\u017eok, \u017eensk\u00e1 \u010das\u0165 10 l\u00f4\u017eok.<\/p>\n<p>Cie\u013e slu\u017eby<\/p>\n<p>Podpori\u0165 rozvoj schopnost\u00ed a\u00a0\u010dinnost\u00ed, ktor\u00e9 ved\u00fa k\u00a0obmedzeniu prepadu soci\u00e1lneho vyl\u00fa\u010denia zo spolo\u010dnosti.<\/p>\n<p>&nbsp;<\/p>\n<p>&nbsp;<\/p>\n","protected":false},"excerpt":{"rendered":"<p>S\u00eddlo: Mirka Ne\u0161pora 216\/8, Tren\u010d\u00edn Zariadenie je organiza\u010dnou zlo\u017ekou Soci\u00e1lnych slu\u017eieb mesta Tren\u010d\u00edn, Piaristick\u00e1 42, Tren\u010d\u00edn Kontakt: 0903 975 176, prev\u00e1dzka otvoren\u00e1 denne od 19,00 hod. do 7,00 hod. Soci\u00e1lne poradenstvo, kontakt v pracovn\u00e9 dni od 8.00 hod. do 15,00hod. : Mgr. Mario Barinec , tel.: 0902 901 600, E-mail: mario.barinec@ssmtn.sk Mgr. Michaela Ru\u017ei\u010dkov\u00e1, tel. [&hellip;]<\/p>\n","protected":false},"author":1,"featured_media":0,"parent":54,"menu_order":0,"comment_status":"closed","ping_status":"closed","template":"","meta":[],"_links":{"self":[{"href":"https:\/\/ssmtn.sk\/index.php?rest_route=\/wp\/v2\/pages\/196"}],"collection":[{"href":"https:\/\/ssmtn.sk\/index.php?rest_route=\/wp\/v2\/pages"}],"about":[{"href":"https:\/\/ssmtn.sk\/index.php?rest_route=\/wp\/v2\/types\/page"}],"author":[{"embeddable":true,"href":"https:\/\/ssmtn.sk\/index.php?rest_route=\/wp\/v2\/users\/1"}],"replies":[{"embeddable":true,"href":"https:\/\/ssmtn.sk\/index.php?rest_route=%2Fwp%2Fv2%2Fcomments&post=196"}],"version-history":[{"count":18,"href":"https:\/\/ssmtn.sk\/index.php?rest_route=\/wp\/v2\/pages\/196\/revisions"}],"predecessor-version":[{"id":2222,"href":"https:\/\/ssmtn.sk\/index.php?rest_route=\/wp\/v2\/pages\/196\/revisions\/2222"}],"up":[{"embeddable":true,"href":"https:\/\/ssmtn.sk\/index.php?rest_route=\/wp\/v2\/pages\/54"}],"wp:attachment":[{"href":"https:\/\/ssmtn.sk\/index.php?rest_route=%2Fwp%2Fv2%2Fmedia&parent=196"}],"curies":[{"name":"wp","href":"https:\/\/api.w.org\/{rel}","templated":true}]}}