{"id":69,"date":"2014-02-07T11:46:29","date_gmt":"2014-02-07T09:46:29","guid":{"rendered":"http:\/\/ssmtn.sk\/?page_id=69"},"modified":"2025-01-23T14:20:00","modified_gmt":"2025-01-23T12:20:00","slug":"sluzby","status":"publish","type":"page","link":"https:\/\/ssmtn.sk\/?page_id=69","title":{"rendered":"Profil verejn\u00e9ho obstar\u00e1vate\u013ea"},"content":{"rendered":"<p><strong>VEREJN\u00dd OBSTAR\u00c1VATE\u013d N\u00c1ZOV, ADRESY A KONTAKTN\u00c9 MIESTO\u00a0\u00a0<\/strong><br \/>\nSoci\u00e1lne slu\u017eby mesta Tren\u010d\u00edn, mestsk\u00e1 rozpo\u010dtov\u00e1 organiz\u00e1cia<br \/>\nI\u010cO\u00a0: 36124702<br \/>\nPiaristick\u00e1 42, 911 01 Tren\u010d\u00edn<br \/>\nSlovensk\u00e1 republika<br \/>\nKontaktn\u00e9 miesto : Soci\u00e1lne slu\u017eby mesta Tren\u010d\u00edn, mestsk\u00e1 rozpo\u010dtov\u00e1 organiz\u00e1cia<br \/>\nKontaktn\u00e1 osoba:Ing. Edita Prekopov\u00e1 &#8211; Riadite\u013eka<br \/>\nTelef\u00f3n:0326402463<br \/>\nE-mail: ssmtn@ssmtn.sk, edita.prekopova@ssmtn.sk<br \/>\nAdresa hlavnej str\u00e1nky verejn\u00e9ho obstar\u00e1vate\u013ea (URL): www.ssmtn.sk<\/p>\n<p>&nbsp;<\/p>\n<p><strong>Pl\u00e1n verejn\u00e9ho obstar\u00e1vania v roku 2019<\/strong><br \/>\n<a href=\"https:\/\/ssmtn.sk\/wp-content\/uploads\/2014\/02\/Pl\u00e1n-VO-15.04.2019.pdf\">Pl\u00e1n verejn\u00e9ho obstar\u00e1vania <\/a><\/p>\n<p><strong>Spr\u00e1vy o z\u00e1kazk\u00e1ch z elektronick\u00e9ho trhoviska pod\u013ea \u00a724 z\u00e1kona o VO<\/strong><br \/>\n<a href=\"https:\/\/ssmtn.sk\/wp-content\/uploads\/2014\/02\/Spr\u00e1va-o-z\u00e1kazke-pod\u013ea-\u00a724-Dod\u00e1vka-elektrickej-energie-.1.pdf\">Spr\u00e1va o z\u00e1kazke pod\u013ea \u00a724 Dod\u00e1vka elektrickej energie <strong>Z201921490<\/strong>.<\/a><br \/>\n<a href=\"https:\/\/ssmtn.sk\/wp-content\/uploads\/2014\/02\/Spr\u00e1va-o-z\u00e1kazke-pod\u013ea-\u00a724-Dod\u00e1vka-elektrickej-energie-.2.pdf\">Spr\u00e1va o z\u00e1kazke pod\u013ea \u00a724 Dod\u00e1vka elektrickej energie Z201852342 .<\/a><br \/>\n<a href=\"https:\/\/ssmtn.sk\/wp-content\/uploads\/2014\/02\/Spr\u00e1va-o-z\u00e1kazke-pod\u013ea-\u00a724-Dod\u00e1vka-zemn\u00e9ho-plynu-.1.pdf\">Spr\u00e1va o z\u00e1kazke pod\u013ea \u00a724 Dod\u00e1vka zemn\u00e9ho plynu Z201852325 .<\/a><br \/>\n<a href=\"http:\/\/ssmtn.sk\/wp-content\/uploads\/2014\/02\/Spr\u00e1va-o-z\u00e1kazke-pod\u013ea-\u00a724-Dod\u00e1vka-elektrickej-energie1.pdf\">Spr\u00e1va o z\u00e1kazke pod\u013ea \u00a724 Dod\u00e1vka elektrickej energie Z201846687<\/a><br \/>\n<a href=\"http:\/\/ssmtn.sk\/wp-content\/uploads\/2014\/02\/Spr\u00e1va-o-z\u00e1kazke-pod\u013ea-\u00a724-plyn.pdf\">Spr\u00e1va o z\u00e1kazke pod\u013ea \u00a724 plyn Z201846703<\/a><br \/>\n<a href=\"http:\/\/ssmtn.sk\/wp-content\/uploads\/2014\/02\/sprava_o_zakazke_24-Pr\u00edprava-a-dod\u00e1vka-stravy.pdf\">Sprava_o_zakazke_24 Pr\u00edprava a dod\u00e1vka stravy<\/a><br \/>\n<a href=\"http:\/\/ssmtn.sk\/wp-content\/uploads\/2016\/11\/sprava_o_zakazke_dodavka_cistiacich_prostriedkov-pod\u013ea-\u00a724-Z201711253.pdf\">Spr\u00e1va o z\u00e1kazke pod\u013ea \u00a724 Z\u00e1kazka na dod\u00e1vku \u010distiacich prostriedkov\u00a0 (Z201711253)<\/a><br \/>\n<a href=\"http:\/\/ssmtn.sk\/wp-content\/uploads\/2014\/02\/Spr\u00e1va-o-z\u00e1kazke-pod\u013ea-\u00a724-Dod\u00e1vka-elektrickej-energie.pdf\">Spr\u00e1va o z\u00e1kazke pod\u013ea \u00a724 Z\u00e1kazka na dod\u00e1vku elektrickej energie <\/a><br \/>\n<a href=\"http:\/\/ssmtn.sk\/wp-content\/uploads\/2016\/11\/Spr\u00e1va-o-z\u00e1kazke-pod\u013ea-\u00a724-plyn.pdf\">Spr\u00e1va o z\u00e1kazke pod\u013ea \u00a724Z\u00e1kazka na Dod\u00e1vku zemn\u00e9ho plynu <\/a><\/p>\n","protected":false},"excerpt":{"rendered":"<p>VEREJN\u00dd OBSTAR\u00c1VATE\u013d N\u00c1ZOV, ADRESY A KONTAKTN\u00c9 MIESTO\u00a0\u00a0 Soci\u00e1lne slu\u017eby mesta Tren\u010d\u00edn, mestsk\u00e1 rozpo\u010dtov\u00e1 organiz\u00e1cia I\u010cO\u00a0: 36124702 Piaristick\u00e1 42, 911 01 Tren\u010d\u00edn Slovensk\u00e1 republika Kontaktn\u00e9 miesto : Soci\u00e1lne slu\u017eby mesta Tren\u010d\u00edn, mestsk\u00e1 rozpo\u010dtov\u00e1 organiz\u00e1cia Kontaktn\u00e1 osoba:Ing. Edita Prekopov\u00e1 &#8211; Riadite\u013eka Telef\u00f3n:0326402463 E-mail: ssmtn@ssmtn.sk, edita.prekopova@ssmtn.sk Adresa hlavnej str\u00e1nky verejn\u00e9ho obstar\u00e1vate\u013ea (URL): www.ssmtn.sk &nbsp; Pl\u00e1n verejn\u00e9ho obstar\u00e1vania v [&hellip;]<\/p>\n","protected":false},"author":1,"featured_media":0,"parent":74,"menu_order":0,"comment_status":"closed","ping_status":"closed","template":"","meta":[],"_links":{"self":[{"href":"https:\/\/ssmtn.sk\/index.php?rest_route=\/wp\/v2\/pages\/69"}],"collection":[{"href":"https:\/\/ssmtn.sk\/index.php?rest_route=\/wp\/v2\/pages"}],"about":[{"href":"https:\/\/ssmtn.sk\/index.php?rest_route=\/wp\/v2\/types\/page"}],"author":[{"embeddable":true,"href":"https:\/\/ssmtn.sk\/index.php?rest_route=\/wp\/v2\/users\/1"}],"replies":[{"embeddable":true,"href":"https:\/\/ssmtn.sk\/index.php?rest_route=%2Fwp%2Fv2%2Fcomments&post=69"}],"version-history":[{"count":20,"href":"https:\/\/ssmtn.sk\/index.php?rest_route=\/wp\/v2\/pages\/69\/revisions"}],"predecessor-version":[{"id":1682,"href":"https:\/\/ssmtn.sk\/index.php?rest_route=\/wp\/v2\/pages\/69\/revisions\/1682"}],"up":[{"embeddable":true,"href":"https:\/\/ssmtn.sk\/index.php?rest_route=\/wp\/v2\/pages\/74"}],"wp:attachment":[{"href":"https:\/\/ssmtn.sk\/index.php?rest_route=%2Fwp%2Fv2%2Fmedia&parent=69"}],"curies":[{"name":"wp","href":"https:\/\/api.w.org\/{rel}","templated":true}]}}